*d**2 + 0*d**3. Calculate f(r).
-4
Let a be 6/(-27) - ((-1218)/216 + 5). Let o(t) be the second derivative of 2/3*t**3 + 0*t**2 - 1/20*t**5 + 0 + 6*t - a*t**4. Determine o(-6).
12
Let b(a) = -a**3 - 7*a**2 + 2*a + 9. Let d be (-24)/10 - (-6)/15. Let i be -1 - (d - -1)*3. Suppose r + i = -5. What is b(r)?
-5
Let l(t) = -t**3 + 1. Let w(q) = -4*q**3 - 2*q**2 + q. Let k(g) = -3*l(g) + w(g). Suppose 42*h + 147 = -15*h + 8*h. Determine k(h).
3
Let x(q) = -q**3 - 6*q**2 + q - 2. Let v be x(-6). Let z(s) = -8*s**2 - 1 - 2*s + 4739027*s**3 - 10 - 4739028*s**3. Determine z(v).
5
Let x(o) = -o. Let k(q) = 7*q - 11. Let l be k(3). Determine x(l).
-10
Let s(q) = -3*q. Let m(a) = 12*a + 109. Let u be m(-9). Determine s(u).
-3
Let t = -819 - -820. Let n be 0*2*(-2)/(-8). Let v(x) = 5 - 4 - 2*x**2 - 2*x + n*x. What is v(t)?
-3
Let d(s) = -s**2 + s. Let k(y) = -y**2 - y - 4. Let x(b) = 2*d(b) - k(b). Let c = 6 + -9. Determine x(c).
-14
Let k = 294 + -296. Let u(t) = t**3 + 3*t**2 - t - 3. Determine u(k).
3
Let f(t) be the second derivative of t**4/12 - 5*t**3/6 + 7*t**2 - 260*t. Calculate f(10).
64
Let s(b) = 6*b**2 + 12*b - 11. Let r(j) = -11*j**2 - 26*j + 24. Let f(u) = 6*r(u) + 13*s(u). Calculate f(-1).
13
Let i(l) = 4*l - 7. Suppose f + 3*v = -0*f + 14, -32 = -4*f - 4*v. Suppose 2*n = f*n - 18. Give i(n).
17
Let y(g) = -g**3 - 4*g**2 + 5*g. Let v be y(-5). Let c be (-3 - 2)/((-15)/6). Let q(t) = -t**2 - 8*t**3 + c*t**3 + 6*t**3 + t**3 + 4. Give q(v).
4
Let f(c) = 5*c - 7. Let h(i) = i - 1. Let p(k) = -3*f(k) + 12*h(k). Let x be 4 - (-1 + 1 + 3). Let d be 12*x*((-5)/(-2) - 2). Calculate p(d).
-9
Let w be -8*4/(-20)*45/(-6). Let m(g) = g**2 + 11*g - 4. What is m(w)?
8
Let y(p) be the first derivative of 3*p + 2*p**2 - 22 + 1/3*p**3. Give y(-4).
3
Let j(l) be the third derivative of 0*l + 2*l**2 + 0 - 1/12*l**4 + 1/30*l**5 + 0*l**3 + 1/60*l**6. Let g be 8/(-12) - 16/12. Determine j(g).
-4
Let v(q) = -8*q**3 - 10*q**2 + 11*q + 4. Let j(w) = 7*w**3 + 10*w**2 - 8*w - 2. Let p(n) = -7*j(n) - 6*v(n). Calculate p(-9).
-1
Let p(u) = -4*u - 2*u**2 - u**3 - 4 + 14*u**2 - 7*u - 4 + 9. Give p(11).
1
Let m(v) = 5*v**2 + 7*v - 8. Let t(r) be the second derivative of 3*r**4/4 + 7*r**3/3 - 15*r**2/2 - r. Let f(y) = -11*m(y) + 6*t(y). Give f(6).
4
Suppose 14 = 3*b + 3*z + z, -5*z = 5*b - 20. Let u(a) = 3*a - 22*a**b - 18*a**2 + 1 + 39*a**2. Give u(2).
3
Let r(v) = -44*v**2 + v**3 + 3 - 7*v - 34*v**2 + 4 + 73*v**2. Calculate r(6).
1
Let g(x) = -x**2 + 2. Let p(r) = -10*r**2 - 7. Let c(y) = -4*g(y) - p(y). Give c(-1).
13
Let i(t) = 2 + t**2 + 314*t + 0*t**2 - 311*t. Suppose 9 = c - 4*c. What is i(c)?
2
Suppose -9*t + 15*t = 6. Let u(i) = -6*i**3 + 2*i**2 - 2*i + 1. What is u(t)?
-5
Suppose -3*z - 2 = -v + 2*v, -5*v - 4*z - 21 = 0. Let b(x) be the second derivative of x**5/20 + x**4/3 - 2*x**3/3 + 3*x**2 + 118*x. What is b(v)?
1
Let a(f) = 2*f + 4. Let i be a(-2). Suppose i = 6*s - 0 - 24. Let c(y) = -y**2 + 6*y - 5. Calculate c(s).
3
Let n(c) = -c**3 - 6*c - 14*c**2 - 16*c**2 + 37*c**2. Calculate n(6).
0
Let h(u) = -u**2 - u - 3. Let k = -7 + 12. Suppose -p - 4*d + 0 = -8, d - 2 = -k*p. Determine h(p).
-3
Let z(i) = -3 + 2*i**2 - 4*i + 2 + 3*i. Let r be 2/9 + 330/(-270). Determine z(r).
2
Let y(v) = -7*v - 2 + 2. Let u be (-24)/((-1248)/(-65)) + 2/8. Determine y(u).
7
Let r(t) = -3*t + 33. Let a(g) = 2*g - 16. Let s(n) = -5*a(n) - 2*r(n). Calculate s(11).
-30
Let l = -58 + 61. Let c(i) = -3*i**2 + i**l - 3*i**3 + 3*i**3 + 6*i - 3*i**2. Calculate c(5).
5
Let l(h) = 2*h**2 - 4*h - 1. Let r = 0 - -3. Suppose r*a + 2 + 85 = 0. Let z = -25 - a. What is l(z)?
15
Let z(s) = -5*s**2 + 7*s - 1. Suppose 0 = 4*b - 13 - 11. Let d(v) = -4*v**2 - v + 2*v**2 + 3*v**2. Let j(t) = b*d(t) + z(t). Calculate j(-2).
1
Let q = -6 + 2. Let z be ((-5)/10)/(1/q). Let h(o) = -o + 3 - z - o. Give h(5).
-9
Let q = 251 - 245. Let x(g) = -3*g**2 - 7*g - 7. Let r(y) = 8*y**2 + 20*y + 21. Let u(z) = 4*r(z) + 11*x(z). Determine u(q).
-11
Let t(h) = -h**2 - 5*h + 3. Let d(r) = -r**2 - 7*r + 3. Let x(p) = 2*d(p) - 3*t(p). Give x(-5).
17
Let r(z) = -2*z - 12. Let q be r(-12). Let o(j) = -1 - 4 + 0 - 9*j + q*j. Determine o(4).
7
Suppose -11*w - 24 = -2. Let x(t) = -3*t**2 - 2. Determine x(w).
-14
Let k(q) be the third derivative of q**6/720 - q**5/60 + q**4/6 + 21*q**2. Let c(u) be the second derivative of k(u). What is c(5)?
3
Let i(f) = -2*f + 1. Let u(d) = -15*d**2 + 10 + 26*d**2 + 7*d - 10*d**2. Let n be u(-5). Suppose -2*v + n*a - 2 = -4*a, 5*a = -5*v - 5. Determine i(v).
3
Let q(i) = 13*i + 1. Let r(f) = 2*f**2 - 24*f + 1. Let a be r(12). What is q(a)?
14
Let c(u) = -u**3 + 6*u**2 - 7*u. Suppose 0 = n - 4*q - q - 7, -2*n - q + 3 = 0. Suppose 0*v + 4*k = -5*v + 17, k + n = 0. What is c(v)?
-10
Let f(z) = -z**3 - z + 1. Let x(v) = 6*v + 4*v**3 - 8*v + 4*v - v**3 + 6*v**2. Let l(u) = -2*f(u) - x(u). What is l(-6)?
-2
Let a(v) = -14*v - 1. Let b(m) = 13*m. Let g(f) = 4*a(f) + 5*b(f). Determine g(-2).
-22
Suppose 0 = 2*v - 6*x + x + 21, v + 11 = 3*x. Let b(k) = -6*k + 10. Let g(i) = 4*i - 6. Let l(h) = v*g(h) - 5*b(h). Determine l(4).
-10
Let u(x) = 29*x + 254. Let l be u(-9). Let h(c) be the third derivative of -c**6/120 - c**5/10 + c**4/4 - 5*c**3/3 + 2*c**2. Calculate h(l).
-3
Let y(r) = -7*r**3 + 13*r**2 - 20. Let i(m) = 16*m**3 - 25*m**2 - 5*m + 39. Let f(z) = -4*i(z) - 9*y(z). What is f(-18)?
-12
Let l(q) be the first derivative of -q**4/4 + 3*q**3 - q**2/2 + 13*q + 521. Calculate l(9).
4
Let x(t) = -t**3 + 3*t**2 + t - 1. Let b = -928 - -931. Determine x(b).
2
Let c(g) = -2*g - 15. Let r be c(-10). Suppose 4*l - 20 = r*z, -l + 0 = 3*z + 12. Let v(t) = t**3 - t + l + 5*t**2 + 3 + 0*t. Calculate v(-5).
8
Let f(r) be the first derivative of -3*r - 3/2*r**2 - 8. Let l = -1 - 2. What is f(l)?
6
Let p be (-1 - (1 + 2))*(-4)/(-8). Let f = p - -8. Let u(n) = -n**3 + 7*n**2 - 6. Let a(y) = -y**3 + 7*y**2 - y - 6. Let w(d) = 5*a(d) - 4*u(d). What is w(f)?
0
Let z(v) = v**3 + 5*v**2 - 6. Let m(k) = k**3 + k**2 - k + 3. Let t be m(0). Suppose -2*g = 4 - 0, 0 = -t*p + 4*g + 29. Suppose -41 = p*n - 6. What is z(n)?
-6
Let x(r) = 2*r**2 - 4*r + 2. Let o = -537 + 539. Calculate x(o).
2
Let f(b) = -24*b**2 + 7*b - 4. Let d(v) = 49*v**2 - 15*v + 8. Let s(q) = -3*d(q) - 7*f(q). Let t(o) = -o**2 - o + 1. Let c(i) = s(i) - 5*t(i). What is c(1)?
26
Let v(q) = 7*q**2 - 5*q + 4. Let c be v(2). Let x = -19 + c. Let s(u) = u + 3. Calculate s(x).
6
Let l(z) = 3 + z + 1 - 6*z. Suppose -10 = 2*k - p - 16, 5*k - 5*p - 10 = 0. Determine l(k).
-16
Let d be ((-30)/12)/(1/(-2) + 1). Let r(j) = -j**2 - 5*j + 1. What is r(d)?
1
Let q(u) = 27*u + 1. Suppose 5*o - 3*n = -8, 2*n = -4*o + 9*o + 7. Calculate q(o).
-26
Let r(o) = 5*o + 2 - 2*o - 6*o + 6*o + 3. Give r(-2).
-1
Let i(s) be the second derivative of s**5/20 + 5*s**4/12 - s**3/2 - 3*s**2/2 + 109*s - 1. Calculate i(-6).
-21
Let v(u) = 2*u**2 + 3*u - u**2 - 806 - 811 + 1619. Let y = -2 + -1. Determine v(y).
2
Let v(w) be the second derivative of -8*w + 0 + w**2 - 1/6*w**3. Determine v(-5).
7
Let v(m) = -m**2 - 10*m + 6. Let r be v(-8). Let i(y) = -y - 2*y**2 - 14 - 8 + r. What is i(-2)?
-6
Suppose -6 = 4*t + 6. Let b(n) = n**2 + 8 - 5 - 3*n**2 - 2*n. Determine b(t).
-9
Let g(o) = o**3 + 5*o**2 + 6*o + 5. Let s be 9/3 - (-8)/(-2). Let k be (20 - 17)/(0 - s). Suppose -3*c - 15 = k*r, 5*r - c + 15 = 4*c. Determine g(r).
-3
Let r(z) = -48*z + 32. Let s(t) = 29*t - 16. Let y(x) = 3*r(x) + 5*s(x). Determine y(-10).
6
Let u(j) = 6*j + 47. Let s be u(-7). Let x(b) = -b**3 + 4*b**2 + 7*b - 6. Give x(s).
4
Suppose -3*p = 2*p - 30. Let q(b) = -6*b**2 + 2*b - 13. Let z(l) = l**2 - l + 2. Let n(g) = -q(g) - 7*z(g). What is n(p)?
-7
Let p(x) be the second derivative of -x**4/6 - x**2/2 - x. Let a(r) be the first derivative of p(r). Let u = 745 + -748. What is a(u)?
12
Let k be (0 + -1 - -2)*2. Let j(d) = 2*d**2 + 1 - 5*d**2 + k*d - d + d. Let a(q) = q - 7. Let f be a(6). Calculate j(f).
-4
Let g(s) = s - 2*s + 24 + 0*s - s. Let c be g(11). Let d(f) be the second derivative of f**5/20 + f**3/3 - f**2/2 + f. What is d(c)?
11
Let j(b) = 262*b - 6 - 267*b - 4. Determine j(-1).
-5
Let x(t) = 8*t**3 - t**2 + t + 1. Let k = 50 - 51. Calculate x(k).
-9
Let b(x) be the first derivative of -x**2/2 + 69*x 